on divisor of 5675 and 245.
5
Calculate the greatest common divisor of 784 and 16912.
112
Calculate the highest common divisor of 510 and 97620.
30
Calculate the highest common divisor of 59071 and 133.
19
Calculate the greatest common factor of 5200 and 46150.
650
Calculate the greatest common factor of 350 and 20375.
25
What is the greatest common factor of 3242525 and 825?
275
What is the greatest common divisor of 552 and 465474?
138
What is the highest common factor of 34684 and 9269?
299
Calculate the greatest common divisor of 265504 and 96.
32
What is the highest common divisor of 29211 and 1248?
39
Calculate the highest common factor of 1453194 and 68.
34
What is the highest common factor of 111780 and 360?
180
What is the highest common factor of 59405 and 14715?
545
Calculate the highest common factor of 2408 and 2286568.
344
Calculate the greatest common factor of 320 and 22.
2
What is the greatest common factor of 21246 and 2406?
6
Calculate the greatest common divisor of 4 and 350.
2
Calculate the greatest common factor of 1054 and 1550.
62
Calculate the greatest common factor of 295793 and 53.
53
Calculate the greatest common factor of 57216 and 36.
12
What is the greatest common factor of 6111 and 2231?
97
Calculate the highest common factor of 706 and 34.
2
Calculate the greatest common factor of 2761675 and 35.
35
What is the highest common factor of 869 and 119053?
869
What is the highest common factor of 60456 and 3080?
88
Calculate the greatest common divisor of 56 and 94780.
28
What is the highest common divisor of 2760 and 14280?
120
Calculate the highest common divisor of 1310 and 10218.
262
Calculate the highest common factor of 32070 and 120.
30
Calculate the highest common factor of 2200 and 2120.
40
Calculate the greatest common factor of 597 and 304868.
199
Calculate the greatest common divisor of 55573 and 952.
119
What is the greatest common factor of 63 and 2111391?
9
Calculate the highest common factor of 108 and 330696.
108
Calculate the highest common divisor of 40928 and 800.
32
What is the greatest common factor of 24 and 3018?
6
What is the greatest common divisor of 330984 and 21?
3
What is the highest common divisor of 4092 and 5379?
33
Calculate the highest common factor of 4040 and 440.
40
What is the greatest common factor of 10 and 206160?
10
Calculate the highest common factor of 1950 and 401154.
78
What is the greatest common factor of 246 and 975882?
246
Calculate the greatest common factor of 3776 and 5184.
64
What is the greatest common factor of 130637 and 377?
13
Calculate the greatest common factor of 149548 and 872.
436
What is the highest common divisor of 134143 and 371?
53
What is the greatest common factor of 200 and 3387240?
40
Calculate the greatest common divisor of 424859 and 190.
19
What is the greatest common divisor of 1056123 and 3096?
387
Calculate the highest common divisor of 55630 and 30.
10
What is the greatest common divisor of 10387 and 9503?
221
What is the greatest common factor of 5520 and 664?
8
Calculate the greatest common divisor of 744 and 600.
24
What is the highest common factor of 119780 and 1272?
212
What is the greatest common factor of 42480 and 187384?
472
Calculate the highest common factor of 3654 and 212541.
609
What is the highest common factor of 320 and 13100?
20
What is the highest common divisor of 37455 and 660?
165
What is the highest common factor of 352878 and 1442?
206
Calculate the greatest common factor of 9240 and 792.
264
Calculate the highest common factor of 23454 and 72.
18
What is the highest common factor of 3542026 and 610?
122
Calculate the highest common factor of 8400712 and 848.
424
What is the greatest common divisor of 1219041 and 9?
9
What is the highest common factor of 18084 and 5478?
66
What is the greatest common factor of 434 and 22258?
62
Calculate the highest common divisor of 8 and 641126.
2
Calculate the highest common divisor of 1296 and 11904.
48
What is the highest common factor of 368 and 171994?
46
Calculate the greatest common factor of 4343 and 12322.
101
What is the highest common divisor of 66 and 8022?
6
Calculate the highest common divisor of 14040 and 140790.
390
Calculate the highest common factor of 3275 and 12707.
131
Calculate the greatest common divisor of 525 and 131025.
75
What is the greatest common divisor of 41219 and 27187?
877
What is the highest common divisor of 425 and 60075?
25
Calculate the greatest common divisor of 388 and 60334.
194
What is the highest common factor of 506 and 45310?
46
Calculate the highest common factor of 204 and 72930.
102
What is the highest common factor of 7616754 and 162?
162
What is the greatest common factor of 1146 and 274467?
573
What is the highest common divisor of 1395 and 120745?
155
What is the greatest common divisor of 10 and 10554910?
10
Calculate the greatest common divisor of 35547 and 21.
3
Calculate the greatest common factor of 118 and 134933.
59
What is the greatest common factor of 69 and 5497?
23
Calculate the highest common divisor of 816 and 675291.
51
Calculate the highest common divisor of 21329 and 8316.
77
What is the highest common divisor of 220856 and 16?
8
What is the greatest common factor of 5436 and 1?
1
What is the highest common factor of 25 and 22975?
25
Calculate the highest common factor of 8931 and 50838.
687
Calculate the greatest common factor of 7748 and 897.
13
What is the highest common factor of 6734 and 170422?
518
Calculate the highest common divisor of 20586 and 2.
2
Calculate the highest common factor of 17 and 225352.
17
What is the greatest common factor of 3087 and 126?
63
What is the greatest common factor of 103336 and 12?
4
What is the greatest common factor of 135 and 139050?
135
Calculate the greatest common factor of 24 and 668436.
12
Calculate the highest common divisor of 2097 and 17009.
233
What is the greatest common factor of 1888 and 36226?
118
Calculate the greatest common factor of 168474 and 7482.
258
Calculate the greatest common factor of 644 and 1219.
23
What is the highest common divisor of 891 and 132?
33
What is the greatest common divisor of 845 and 169585?
65
What is the highest common factor of 19 and 1320?
1
What is the highest common divisor of 7689 and 1507?
11
What is the highest common divisor of 174 and 147523?
29
Calculate the highest common factor of 99213 and 3.
3
Calculate the greatest common divisor of 12566 and 2.
2
What is the greatest common divisor of 25190 and 11?
11
Calculate the greatest common divisor of 1448 and 8.
8
What is the highest common factor of 87477 and 195?
39
Calculate the highest common factor of 29 and 115536.
29
What is the greatest common factor of 15651 and 96903?
333
Calculate the greatest common factor of 313574 and 83.
83
What is the highest common factor of 6956 and 3182?
74
What is the highest common divisor of 177642 and 18?
18
What is the highest common factor of 12631 and 119?
17
What is the greatest common factor of 49 and 2771881?
49
Calculate the highest common factor of 1512 and 2656395.
189
What is the greatest common factor of 28866 and 306?
102
Calculate the greatest common factor of 3216 and 91254.
402
What is the greatest common divisor of 1910 and 20?
10
What is the greatest common factor of 36304 and 48?
16
Calculate the highest common divisor of 399 and 203091.
399
Calculate the highest common divisor of 35 and 18785.
5
Calculate the highest common factor of 18896 and 2032.
16
Calculate the greatest common factor of 5364 and 34296.
12
Calculate the greatest common factor of 719775 and 2025.
225
What is the highest common factor of 225 and 2027925?
225
Calculate the highest common divisor of 350 and 13006.
14
Calculate the highest common divisor of 529082 and 254.
254
Calculate the highest common divisor of 203553 and 5292.
189
Calculate the highest common divisor of 2121 and 21.
21
Calculate the highest common factor of 4445 and 445.
5
Calculate the greatest common factor of 45 and 8110.
5
What is the highest common divisor of 399119 and 74?
37
Calculate the greatest common factor of 82 and 247.
1
Calculate the highest common divisor of 8636 and 68.
68
What is the highest common divisor of 16 and 1911936?
16
Calculate the highes